20 + 1 - (-32 + -79 + 35 + 79) - 9?
9
What is (16 + -16 + -3 - -5) + -7 + 4?
-1
Evaluate -2 + -3 - (17 - (6 - -1 - -6)).
-9
(1 - -38) + -118 + (-15 - -32)
-62
What is the value of 22 + -2 - ((37 - 27) + -11)?
21
What is the value of -2062 + 2091 - (1 + 64)?
-36
-16 + (-17 - -51) + 5 + (5 + -7 - 4)
17
What is the value of 253 + -77 - (19 - (-38 - -16))?
135
19 - (49 - (-18 + 16 - -4))
-28
Evaluate -36 - 4 - (-34 + 0 + 17).
-23
Evaluate (2 - (2 + -13 - -24)) + -16.
-27
Calculate (-34 - -43) + -61 - (-23 - -1).
-30
Evaluate -90 + -11 + 75 + 100 + -13.
61
What is 1 - -3 - (67 - (20 - (-13 + 26) - -4))?
-52
Evaluate -23 + 74 + -49 + 18.
20
Calculate 12 - (33 + (-1 - 4) + -8 + 21).
-29
270 + -234 - (1 + 5)
30
Evaluate (12 - (3 + 17 + 0 + 5) - -13) + 12.
12
Calculate ((32 - 37) + 35 - 0) + -47.
-17
What is ((56 - -3) + -1 - (-286 + 300)) + -14?
30
(-47 - 2) + (2 - (-111 - -117 - (9 + -1)))
-45
Evaluate -7 + -1 - (-93 + 44 + 16).
25
-29 + 111 + (-100 - -35)
17
-44 + (225 + -29 - 60)
92
Calculate -70 - -57 - -57 - 32.
12
What is (199 - (152 + 31)) + 0 + 21?
37
Evaluate (-1 - 73) + (22 + -4 - 1) + (-260 - -235).
-82
Evaluate -11 + (23 - 3) + -19 + -41 + -13.
-64
Evaluate 1 + 39 + -4 + 944 + -978.
2
0 + -8 + (-35 - (-21 + -51)) + -37 - 27
-35
Calculate (46 - (-22 + 41)) + -16.
11
What is -19 + -47 + -9 + 2 + (-2 - 0) + 2?
-73
-32 - (8 + -3 + -2 + 4 + -10)
-29
What is 11 - (45 + -51) - 20?
-3
Calculate (-5 - -2) + (13 - -1 - ((-130 - -61) + 75)).
5
Calculate 3 + (-5 + 20 - 20 - -12 - (3 + 5)).
2
What is -17 + -13 + (-647 - -782)?
105
Evaluate -31 - (-142 + 62 + 24).
25
What is the value of -38 - (36 - (95 - 38))?
-17
Evaluate 20 + 115 + (6 - (-6 - (11 + -19) - 2)).
141
391 - 386 - (-10 - -8)
7
What is the value of 83 + (-10 - (7 + 9) - -13 - -8)?
78
(223 - (70 + 134)) + (-1 + -1 - 46)
-29
Calculate 25 - (-7 + 2) - (405 - 321).
-54
Calculate 307 - 92 - 132 - 141.
-58
Evaluate 78 - (-29 - (-26 + -40)).
41
Evaluate -14 + (12 + 25 - -22).
45
What is the value of 2 - 1 - (23 + -1 - (92 - (-14 + 50)))?
35
What is the value of 8 - (18 - -70) - -173?
93
What is 19 + -28 + 58 + -32?
17
What is the value of 17 - (103 + 2) - (-2 - -1) - -17?
-70
What is the value of 8 - (-114 - -11) - 8 - (-18 + 21 - 16)?
116
-15 + -14 - -31 - (5 + -2 - 5 - -2)
2
What is -19 + (26 - (25 - 15))?
-3
What is 9 - (-5 + (13 - -51) - (-24 + 15))?
-59
15 + -1 + (0 - -8 - 8) - -47 - 10
51
What is the value of -10 + (-4 + 6 + (35 - 4) - 9)?
14
Evaluate 76 + (58 - 89) + 0 + 11.
56
What is 9 + (1 - -1) + (-33 - (-9 + -13)) + -12?
-12
-39 + (1 - -4 - (-8 + 10 + 12))
-48
What is (-29 - 15) + 52 - (7 + 0) - -47?
48
Calculate -3 - -33 - (39 + -22) - (33 + 3).
-23
What is the value of -3 + (-63 - -112) + -72?
-26
What is (-118 - 15 - (-12 - (-18 - -5))) + 18?
-116
Evaluate -52 - (40 + -199 - 13) - (-2 + -1 + 17).
106
Evaluate -51 - (-59 + -5 + 15).
-2
What is 48 + 154 + -119 + -168?
-85
0 + (36 - 5) + (14 - -20)
65
What is the value of -49 - ((-1 - (5 - 4)) + -6 + -4 + 16)?
-53
(-37 - (-39 - -25)) + (36 - 4)
9
5 + 0 + -15 + 594 + -592
-8
Calculate -2 - 109 - (-192 - (27 + -186)).
-78
What is 14 - (-3 + -10 + 7 - -4) - 3?
13
What is the value of -3 + 9 + -2 - ((-16 - -17) + 9)?
-6
Evaluate 16 + 6 + -16 + -33 - -15.
-12
Evaluate 36 + -61 - (3 + -10 - -38).
-56
What is the value of -8 + (8 - (20 - 45)) + -16?
9
What is the value of -52 - (-97 + 43 + -18)?
20
2 + -3 + -149 + 7344 + -7306
-112
Evaluate -56 + 12 + -3 + 25 + -15.
-37
Calculate 46 + -121 + (-139 - -124).
-90
Calculate 18 + (62 - 91) + 0 - (15 - 1).
-25
Evaluate (1 - ((39 - 29) + (2 - 4)) - -48) + 7.
48
Evaluate -67 + (37 - 87 - -82).
-35
45 + (-5 - (-4 - -5) - 8) - (3 + -5)
33
What is the value of 8 + 0 + (-7 - -6) - -14 - -7?
28
24 + (108 - (27 - -45))
60
What is 2 - 0 - (0 + 5) - (-28 - (-12 - -40))?
53
Evaluate -23 - (-9 + 23 + (-1 - 15)).
-21
Evaluate -107 - (31 - 65 - -24) - -22.
-75
What is the value of -22 + 10 - (-1 - -10 - (101 + -85))?
-5
Calculate 256 + -185 + (-2 - -3 - -10).
82
Calculate (0 - -2 - (-5 + -1)) + 1810 + -1773 - -6.
51
Calculate 8 - -140 - (28 + (-27 - -25) + -19).
141
Calculate 73 + -61 + -4 + -85.
-77
Evaluate (-4 - (10 - 48)) + -11 + 9 - 10.
22
What is -3 - (17 - ((-23 - -13) + 16))?
-14
What is -19 + 8 + -9 - (51 - (-21 - 10))?
-102
What is -29 - (40 + -80) - (2 + 7) - 131?
-129
Calculate -1 + -1 + (52 - (-23 + 61 + -23)).
35
Evaluate (1 - (-2 + 1)) + 337 + -201 + -24.
114
What is -45 - 16 - -21 - -50?
10
What is -50 + (-17 - -65) + 29?
27
-2 - ((13 + -18 - -4) + 74 - -11)
-86
What is (0 + 52 - 75) + -2 + -4?
-29
Evaluate 0 - (-6 + 5 - (3 + 41)).
45
Calculate 50 + 111 - 247 - (0 - -21).
-107
What is the value of (-19 - 1) + (-57 - (15 - 86)) - 33?
-39
Evaluate 80 + 68 + 3 - 131.
20
Calculate (-80 - -74 - (-10 - 0)) + -22 + -52 + -28.
-98
Evaluate -50 + 79 - (3 - 0 - -63).
-37
Calculate 153 - ((-1 - (1 - 48)) + -17).
124
Calculate -4 - (-8 + (28 - 24)).
0
What is (5 - (-2 - (-16 + 4))) + (-8 - -8) + -17?
-22
Calculate 24 - ((-47 - 39) + 23).
87
-23 + (11 - (-15 + -1 - 8))
12
Evaluate -42 + (13 - (-56 + 33)) + 34.
28
What is the value of 0 + 17 + -4 + (-24 - -17) + 12?
18
-71 - (-74 + (40 - 15))
-22
Calculate 4 - (45 + -40 - (-9 + 7 + -1)).
-4
What is the value of 36 - 0 - (17 - (-2 + 26) - -11 - 15)?
47
Evaluate (79 - (123 - 56)) + 11 + 1.
24
Calculate (-3 - (-99 + -11)) + -193.
-86
-1 + -11 + -4 + 6 - (-148 - -138) - -3
3
What is the value of (-709 - -665) + (-1 + -1 - (5 - 1))?
-50
What is the value of 20 + (0 - -19 - (253 + -277))?
63
What is the value of 62 - 124 - (13 - (2 - -13))?
-60
Evaluate 40 + -152 + 252 + (-1 + -24 - -2).
117
Evaluate -16 + -45 + 45 - -28.
12
Evaluate -8 + 10 + (0 - (22 - 19)).
-1
Calculate -1 + 7 - (3 - (-1 + 31 + -28)).
5
What is the value of -12 + (-1 - (-10 + -26)) + -19 - (23 + -1)?
-18
What is -43 + (27 - (-38 + -62 + -1))?
85
-140 + (218 - 179) + -1 + 18
-84
Calculate 69 + -71 - (0 - (-15 + -56)).
-73
What is the value of -46 + 88 + 1 + 35?
78
What is 1 + -42 + -13 + (7 + 11 - 14)?
-50
What is the value of -6 - 1 - 36 - (-592 - -590)?
-41
What is the value of -10 + -134 - (-453 + 419)?
-110
Evaluate (-2 - -28) + (23 - 79 - -49).
19
What is (-57 + 149 - 69) + 26 + 0?
49
Calculate -72 - -13 - (6 + 9) - (6 + 1).
-81
21 + -34 + (11 - (-7 + 2 + 4))
-1
What is (-4 - (-20 + -2)) + (-1 - -13)?
30
Calculate -28 + -14 + (34 - 56) + 0 + 7.
-57
Calculate -1 + -45 - (-2452 - -2426).
-20
-11 + 42 + -32 + 25 + 20
44
7 - (3 + 22 + -3) - (-28 - (-25 - -13))
1
What is the value of 16 - (21 + -2) - (-8 - ((-4 - 5) + -81))?
-85
-38 - (-56 + 5) - (-1 - (18 + 2 + -4))
30
(-216 - -273) + -25 + 62
94
Calculate (-22 - -30 - (-14 + 33)) + (46 - 3).
32
What is -21 - 1 - (-19 + 10 - 68)?
55
What is the value of (1 + -7 - (816 + -814)) + (-34 - -1)?
-41
Calculate (-3 - -2 - 5) + -13 + -40 + 48 - 5.
-16
Calculate -76 - (70 + 35 + -130).
-51
Evaluate -48 + 40 + 6 + -6 + 3 + 2.
-3
Calculate 54 + -28 + (39 - (-24 - -17)).
72
Evaluate -35 + ((2851 - 2845) + -1 + (-9 - -1) - -5).
-33
-35 + -3 + 8 + (-24 - (-11 + -19))
-24
What is the value of ((1 - -7) + -4 + -3 - (1 + 5)) + 120?
115
Evaluate -2 + 2 + 3 - ((69 - 41 - -44) + -49).
-20
(-20 - 23) + (-6 - -2) - ((-15 - -30) + -6)
-56
Evaluate 108 + -90 + (-34 - 8 - 8).
-32
What is the value of 50 - (-52 + 9 + 40)?
53
Evaluate (19 - 23 - 3) + 38 + (0 - (-9 - -1)).
39
What is 107 + -111 - (1 - 1) - (-1 + -26)?
23
What is (-63 - -60 - (-12 + -8 - -14)) + (85 - -2)?
90
What is the value of -7 + -1 - -5 - (12 + (5 - 24))?
4
Calculate 32 + -68 + -10 - -95.
49
Evaluate 0 + -1 - (115 + -119 + -128).
131
(-28 - -117) + -251 - -89
-73
Calculate -11 + (46 - 27) + 10 + -123.
-105
What is the value of 104 + 2 - ((94 - -82) + -140)?
70
What is the value of 96 + 109 + -219 + 96?
82
5 - 83 - ((2 - 8) + (-7 - -13) - -9)
-87
What is (-10 - 0) + (-133 - -148) + -30 + -9?
-34
Calculate -177 - (-83 - (-85 - -144)).
-35
Evaluate 143 + (-187 - -91) - 38.
9
-85 + (5 - (-63 + -23))
6
What is (-2 - (3 - 3)) + (61 - 32 - 61) + -15?
-49
Evaluate (71 - 78) + 27 + (-1 - -5).
24
What is the value of (-2 - -12) + (13 + -3 - (-19 - -12))?
27
76 - 86 - (-63 - (-16 + 24))
61
Calculate (3 - 16) + (-6 - -11) + (-480 - -495).
7
Evaluate (57 - (23 + 83)) + -80.
-129
Calculate (-12 + 8 - -18) + -3